s the tens digit of 153/g - (-2)/(-10)?
1
Suppose 5*q + 4*m - 233 = 67, 0 = -5*m. What is the tens digit of q?
6
Let p be 0*3/9 + 11. Let h(v) = v - 1. Let o be h(-3). Let x = p + o. What is the units digit of x?
7
Suppose 574 = 3*p + 4*p. What is the units digit of p?
2
Let j(w) = w**3 + 12*w**2 - 14*w - 13. Let h be j(-13). Suppose -q = -h*q - 40. What is the units digit of q?
0
Suppose 0 = -4*q, -3*s + 6*s = -3*q + 192. What is the units digit of s?
4
Let o be (2 + 7 + -1)/(-1). Let z be (-2)/(-8) - 126/o. Let v = -8 + z. What is the units digit of v?
8
What is the tens digit of 68 + 6*(-1)/2?
6
Suppose -2 = -3*n + 4. Suppose g - n = 2*g. Let z = 3 + g. What is the units digit of z?
1
Let j(p) = 7*p**2 - 4. What is the tens digit of j(-2)?
2
Let q = -10 - -28. What is the tens digit of q?
1
Let u = 0 + 0. Let t = u - -2. Suppose y - t = 3. What is the units digit of y?
5
Let d(l) = 2*l**2 + l + 1. Let m be d(-1). Suppose 2 = m*b - 38. What is the tens digit of b?
2
Let u(g) = -g - 4. Let r = -13 + 7. What is the units digit of u(r)?
2
Suppose -4*s + 0 + 4 = 0. What is the tens digit of s/4 + (-632)/(-32)?
2
Let f(l) = l**3 + 4*l**2 - 6*l + 1. What is the units digit of f(-5)?
6
What is the tens digit of 69 + 5 + (1 - 3)?
7
Let t(h) = h - 6. Let i(r) = -1. Let d(z) = -z - 5. Let p(l) = d(l) - 5*i(l). Let v(f) = -p(f) + t(f). What is the units digit of v(5)?
4
Suppose -5*f + 0*s + 1194 = -s, -2*s - 8 = 0. What is the tens digit of f?
3
Let t = 198 - 138. What is the tens digit of t?
6
Let z(w) = -56*w + 4. What is the hundreds digit of z(-2)?
1
Let i be 2/8 + 69/12. Suppose i = -5*h - 9. What is the units digit of (0 - (h + 2))*3?
3
What is the tens digit of (8/6)/((-1)/(-21))?
2
What is the tens digit of (1 + 3)/((-7)/(-63))?
3
Let g(c) be the first derivative of c**2/2 - 9*c + 3. Let p be g(13). Suppose 0 = p*k + 14 - 38. What is the units digit of k?
6
Suppose 31 = -4*i - 41. What is the units digit of i*2*(-2)/8?
9
Let o = 74 + -34. Suppose 4*h = 2*z + 2*z + o, -5*h + 3*z = -54. What is the tens digit of h?
1
Let h(c) be the second derivative of c**5/20 - c**4/3 + c**3 - c**2 - 6*c. What is the tens digit of h(4)?
2
Suppose -7*g + 9*g - 64 = 0. What is the units digit of g?
2
Suppose 2*y = -3*b + 425, y + 2*y - 429 = -3*b. What is the tens digit of b?
3
Suppose 0 = -4*n + 1 - 5. What is the units digit of n - (-5 + -3) - 2?
5
Let q(m) = -3*m**3 + m**2. Let x be q(-1). Suppose 6*p - x*p - 8 = 0. Suppose z - 10 = -p*z. What is the units digit of z?
2
Suppose -a - 3*a + 32 = 0. Suppose -140 = -4*u - 2*p, 3*p + 86 = 2*u + a*p. What is the units digit of u?
3
Suppose 22 = -n - 4*q, q = 4*n - 0*q + 3. Let u(h) = -2*h - 3. What is the units digit of u(n)?
1
Suppose -b - 12 = -5*b. Suppose -2*k + b = k, 0 = -4*r + 3*k + 169. Suppose n - 5*g - r = -n, 5*n - 4*g - 65 = 0. What is the units digit of n?
9
What is the units digit of ((-453)/(-6 - -3))/(1 - 0)?
1
Suppose d - 2 = -8. Let o(l) = -l**3 - 5*l**2 + 6*l + 7. What is the units digit of o(d)?
7
Suppose 13 + 1112 = 5*y. What is the hundreds digit of y?
2
What is the hundreds digit of (-8710)/(-39)*(-1 - (-15)/6)?
3
What is the units digit of (-232)/18*-2 - (-6)/27?
6
Let x(o) = 3*o. Let b be x(1). What is the tens digit of (30/5)/(b/10)?
2
Suppose 0 = 2*y - 2*w - 18, -4*y = y + 2*w - 45. What is the units digit of y?
9
Let x(j) = 2*j**3 + j**2 - 1. Let k be x(1). What is the units digit of 0 + (-2)/(k/(-5))?
5
What is the tens digit of 0 - (-6)/(-3) - -83?
8
Let i(u) = u**2 - 7*u - 4. Let c be i(8). Suppose 0 = -3*n + 22 - c. What is the units digit of -2*(-3)/n*4?
4
Suppose 2*z = -3*z + 20. Suppose -w + 2*w + k - 42 = 0, 0 = z*w - k - 153. Suppose -s + 4*s - w = 0. What is the units digit of s?
3
Let d(x) = x**2 + 8*x - 6. Let g be d(-11). Suppose 109 = 4*h - g. What is the tens digit of h?
3
Let p = 12 + -10. Suppose -p*h + 20 = -34. What is the units digit of h?
7
Let l(j) = -2*j**2 + 10*j - 4. Let b be l(4). Let g(r) = 2*r**2 - 6*r + 1. What is the units digit of g(b)?
9
Let q(c) = -c**3 + 8*c**2 + 5*c - 14. What is the units digit of q(8)?
6
Suppose -4*m = -4*a + a + 20, -2*m - 16 = -3*a. Suppose -o + a*z + 4 = -15, -3*o = -2*z - 47. What is the tens digit of o?
1
Let t(r) = 6*r - 1. Let a(x) = x + 6. Let z be a(-5). What is the units digit of t(z)?
5
Let m be 1*32 + -3 - 2. Suppose m = 4*v - v. What is the units digit of v?
9
Let d(b) = b**3 - 17*b**2 + 2*b + 3. What is the units digit of d(17)?
7
Suppose -b - 3*a + 231 = 0, 0*a + 5*a - 10 = 0. What is the units digit of b?
5
Suppose -4*o + 222 = -2*h + h, 0 = -3*o - 4*h + 176. What is the units digit of o?
6
What is the units digit of 3*(-95)/(-15) - (1 - -1)?
7
Suppose 0 = s - 0*s. Let d(w) = w**2 + 2. Let k be d(s). Suppose k*o + 6 = 3*o. What is the units digit of o?
6
Let z = -8 + 8. Let j(i) = 13 - 2 + 4*i - 3*i. What is the tens digit of j(z)?
1
What is the hundreds digit of (-1234)/(-10) + 224/40 + -5?
1
Let n(l) = 2*l**2 - 4*l + 3. Suppose 5*f - 20 = 4*k + k, 0 = k + 2. What is the units digit of n(f)?
3
Let r = -29 - -14. Let a = -49 - r. Let m = -19 - a. What is the units digit of m?
5
Let y(o) = -o**2 + 5*o - 8. Let m(t) = t**2 - 6*t + 8. Let j(z) = -6*m(z) - 7*y(z). What is the units digit of j(0)?
8
Suppose -5*r - 5*d + 488 - 63 = 0, 3*r - 255 = -5*d. What is the tens digit of r?
8
Let q(n) = -n - 11. Suppose 5*l + 7 = -m - 54, l + 4*m = -16. Let z be q(l). Suppose 2*i + z = 31. What is the tens digit of i?
1
Suppose 4*k - 55 = -15. Suppose 2*t = -2*i + 4, -t + 3*i + k = 4*t. What is the units digit of t?
2
Suppose -12 - 5 = 2*w - 3*m, 0 = -5*w + 4*m - 46. Let x be (-4)/w + 36/10. What is the units digit of (1 + 0)*(-3 + x)?
1
Let y(n) = n**2 - 2*n - 4. Let z be y(8). Suppose z = 3*t - t. What is the tens digit of t?
2
Suppose 5*l = x - 50, -l = -4*x - 0*x + 295. What is the tens digit of x?
7
Suppose m + 16 - 39 = 0. Let c = m + -16. What is the units digit of c?
7
Let y(h) = 35*h - 45. What is the tens digit of y(10)?
0
Suppose -4*k = -5*d - 2*k + 85, -2*k = d - 29. What is the tens digit of d?
1
Let n(k) = k**2 + 5*k - 3. Let m = 9 - 15. What is the units digit of n(m)?
3
Let y = 46 + 1. What is the units digit of y?
7
Let q(y) = 3*y**2 - y**3 + 10*y**2 - 4*y**2 + 0*y**3 + 10. What is the tens digit of q(9)?
1
Let n(r) = r**2 + 6*r - 2. Let o be n(-6). Let c = o - -6. What is the units digit of c?
4
What is the units digit of 2/17 + 3289/221?
5
Let q = 69 - 35. What is the tens digit of q?
3
Let g be (-10)/((-5)/((-345)/(-6))). Suppose -i = 4*i - g. Suppose 0*f = 2*f - 5*j - i, -j = -2*f + 11. What is the units digit of f?
4
Suppose 0 = -5*x + i + 44, -4*x - i + 19 = -18. What is the units digit of x?
9
Let k(n) = 3*n - n - 8 - n + 0*n. Let s be k(9). What is the units digit of s/((-1)/1)*-3?
3
Suppose -5*r + 2*x + 199 = 4*x, 5*r = 3*x + 214. What is the units digit of r?
1
Let z(f) = -7 - 8*f - 1 - 7. What is the units digit of z(-6)?
3
What is the tens digit of ((-12)/9)/((-12)/666)?
7
Suppose 3*p - 4*t = -2 + 1, p = t + 1. Suppose 6 + 19 = p*k. What is the units digit of k?
5
Let u(b) = -3*b + 2*b + b**2 - 11 - 8*b. Let n be u(10). What is the units digit of n/(-1) + 14 + 0?
5
What is the units digit of (206/(-4))/((-2)/4)?
3
Suppose 3*o + 8*o = 495. What is the tens digit of o?
4
Let i = -35 - -63. Suppose -4*s = -i - 28. What is the units digit of s?
4
Let l be -80*((-28)/(-8) - 4). Let n = 60 - l. What is the tens digit of n?
2
Let r = 48 + 72. What is the units digit of r?
0
Let v(a) = -a**3 + 9*a**2 - 8*a + 3. Let w(y) = -y + 1. Let i be w(-7). Let b be v(i). Let m = 8 - b. What is the units digit of m?
5
Suppose -5*x + 5*h + 130 = 0, h - 34 = -2*x + 30. What is the units digit of x?
0
What is the units digit of 36/(-54)*(-23 + -1)?
6
Let t(y) = y**2 - 6*y. Let c be t(7). Let d = 1 + 0. Let m = c - d. What is the units digit of m?
6
Suppose -16*p = -13*p - 9. What is the units digit of (5 + 4)*13/p?
9
Suppose -o + 20 = -61. What is the tens digit of o?
8
Suppose -2*m - k + 93 = 0, 4*m - 49 = 2*k + 125. Suppose -4*v = v - s - m, 5*s + 9 = v. What is the units digit of v?
9
Suppose -5*v = 5*z - 460, -5*v + 2*z + 488 = -0*v. What is the tens digit of v?
9
Let f = 530 - 345. What is the hundreds digit of f?
1
Wha